+ 3024 = -30*k + 35*k. What is the remainder when 212 is divided by k?
68
Let m = 29 + -27. Suppose -3*v + m*w = -133, v + 3*w - 35 = -w. Calculate the remainder when v is divided by 17.
9
Suppose -5*o = 5*k - 110, 3*k - 47 = 2*o + 19. Calculate the remainder when 191 is divided by k.
15
Let z(o) = -7*o - 26. Let k be z(-4). Suppose -5*n + k*n + 60 = 0. Suppose -21*v + n*v = -44. Calculate the remainder when v is divided by 12.
8
Let u(k) = 12*k**2 + 2. Let g(f) = 149*f + 178. Let p be g(-7). Let z = p + 914. Calculate the remainder when u(-4) is divided by z.
47
Suppose -3358 - 1634 = -6*s. Let i = 856 - s. What is the remainder when i is divided by 13?
11
Suppose 3*f - 62 = -o + 49, 0 = -2*f - 5*o + 61. Let t = 38 - f. Calculate the remainder when 13 is divided by (2 - t)/(6/24).
5
Let d = 487 - 425. Calculate the remainder when d is divided by (25/10 + -5)*-22.
7
Suppose -3*x - 4*u = -49, -1508*x = -1503*x - u - 74. Calculate the remainder when 202 is divided by x.
7
Suppose 8*s + 5*c = 5*s + 296, -5*s + 3*c = -550. Suppose -6*u + s + 373 = 0. Calculate the remainder when u is divided by 33.
14
Suppose -46*c + 15*c + 18352 = 0. Calculate the remainder when 597 is divided by c.
5
Let l = -996 - -3145. Calculate the remainder when l is divided by 4.
1
Suppose 0 = 32*h - 31*h - 4. Suppose -3*p + 6*p = 12, -h*f + 460 = -p. Calculate the remainder when f is divided by 15.
11
Calculate the remainder when 11134 is divided by (-24)/15 - 10168/(-205).
46
Suppose -4*x - 2*s = 4, -x - s + 0*s - 1 = 0. Suppose -7*q - c - 10 = -8*q, -q - 4*c = 15. What is the remainder when (3/6*-26)/x is divided by q?
3
Calculate the remainder when (10/(-4))/(13/1430*-5) is divided by 25.
5
Suppose -3*r + 6*k - 9 = -6*r, -5*r = 4*k - 39. What is the remainder when 1520 is divided by r?
2
Let k be 8*(-2 - -3)*(-6)/(-4). Suppose -4*a + k = -4*t, -t + 18 = -4*a + 6*a. Calculate the remainder when a is divided by 2.
1
Let s(p) = 59*p + 9622. Calculate the remainder when s(-147) is divided by 83.
36
Suppose -4*a + 789*m - 794*m = -19423, 5*m - 24270 = -5*a. What is the remainder when a is divided by 77?
73
Let k(y) = y**2 + 229*y + 8911. What is the remainder when 6186 is divided by k(-49)?
89
Suppose -13*c + 31 = 4*a - 14*c, -2*a + 14 = -2*c. Calculate the remainder when 493 is divided by a.
5
Suppose -273 = 8*k - 1121. What is the remainder when 11234 is divided by k?
104
Let w(m) = -68*m + 38. Let k be w(-2). Suppose 11*i = -9 + k. Calculate the remainder when i is divided by 2.
1
Let j(p) = 12*p + 2*p**3 - 4*p**2 - 5 - 2*p**3 + 2*p**3 - p**3. Suppose y + v - 4 = 0, 2*y - 3*v + 2 = -0*y. Calculate the remainder when 85 is divided by j(y).
8
Let m(v) = 4*v - 52. Suppose -2*w + 0*y = 5*y - 28, -2*y + 70 = 5*w. Let l be m(w). Calculate the remainder when 98 is divided by (46/l - -3)*2 - 4.
23
Suppose 0 = 3*n + 5*n - 16. Suppose 9 = n*w - 11. Let r(j) = 19*j + 353. What is the remainder when r(-15) is divided by w?
8
Suppose 0 = 28*c - 273*c - 15777 + 105447. Calculate the remainder when c is divided by 136.
94
Suppose 49*x = -44568 + 8994. Let l = x - -768. What is the remainder when l is divided by 31?
11
Let b(s) = s**2 + 62*s + 993. Calculate the remainder when b(-30) is divided by 14.
5
What is the remainder when 676 is divided by (-840)/(-45)*((-2)/(-6))/(7/189)?
4
Suppose 14*p = 15*p + 85. What is the remainder when 2/17 + (-10785)/p is divided by 41?
4
Let f(d) = 47*d - 2232. What is the remainder when f(60) is divided by 88?
60
Suppose 31*i - 1884 - 1029 = 4031. What is the remainder when 2239 is divided by i?
223
Suppose 0 = 4*g - 499 + 47. Let k(z) = 6*z + 166. Let s be k(-26). Suppose 4*l - 4*x - 40 = 0, 2*x + 0*x = -s. What is the remainder when g is divided by l?
3
Calculate the remainder when 272 is divided by 10 + 12 + -9 - 6/(-2).
0
Suppose -3*k = -7*k - 2*h + 2154, k - 528 = 3*h. Let o(p) = 25*p**2 + 214*p - 22. What is the remainder when k is divided by o(-9)?
75
Let w = 5972 - 5640. What is the remainder when 23237 is divided by w?
329
Let c(m) = 7*m**2 + 4 + 15*m**2 - 5*m - 5*m**2 + 10*m**2. Let j be ((-30)/6)/(-10)*4. Calculate the remainder when c(j) is divided by 27.
21
Let s(h) = 10*h + 75. Let v be s(-7). Suppose 180 = v*n - 845. What is the remainder when n is divided by 69?
67
Calculate the remainder when (-4)/(13/32695*-5) is divided by 16.
12
Let y(k) = 182*k - 91. Let m(i) = 13*i**2 + 4*i - 3. Calculate the remainder when y(3) is divided by m(2).
56
Suppose 8*t = 26 + 134. Suppose 7*w = 190 + 230. Let o = 18 + w. What is the remainder when o is divided by t?
18
Let c be 21/(-6)*-1 - (-2)/(-4). Suppose c*f + 5*w - 771 = 0, -4*w + 5 = 17. Calculate the remainder when f is divided by 24.
22
Let f(l) = 62*l - 35. Let x be f(1). Suppose x*w - 3198 = 690. Calculate the remainder when w is divided by 37.
33
Suppose 5*y - 115 = -5*o, 4*o + 6 - 22 = 0. What is the remainder when 108/15*90/3 is divided by y?
7
Suppose 7*o + 4*o - 352 = 0. What is the remainder when 614 is divided by o?
6
Suppose 2*w - 1868 = -4*z, 3498*z - 3503*z - 5*w + 2340 = 0. What is the remainder when z is divided by 65?
11
Suppose -3*t + 5*k = -189, -4*k - 77 = -3*t + 112. Let w(c) = -4*c - 19. Calculate the remainder when t is divided by w(-6).
3
Let a(h) be the second derivative of -10*h**3/3 - 49*h**2 - 2*h - 79. Calculate the remainder when 120 is divided by a(-7).
36
Let x = -704 - -23. Let h = 738 + x. What is the remainder when 200 is divided by h?
29
Suppose -36*n = -95*n - 310*n + 1699614. What is the remainder when n is divided by 192?
190
Let b(h) = -25*h + 5. Let q(v) = 15*v + 104. Let l be q(-16). Let a = l + 201. What is the remainder when b(-10) is divided by a?
60
Suppose 4*a = 4*b - 2828, -545*b + 550*b - 3511 = a. What is the remainder when 2812 is divided by b?
8
Let f be (2/8)/(2/24). Suppose -188 = f*o - 7*o + 4*y, -3*o + 144 = -4*y. What is the remainder when 87 is divided by o?
43
Let s(l) = -l**2 - 3*l + 95. Let t be s(-11). Suppose i + 0*i - 30 = -4*b, 5*i = 4*b + 174. Let f = i - t. Calculate the remainder when f is divided by 8.
3
Let f be (0 + 5/3)*(-42)/(-14). Suppose -5*s = 5*h + f, 2*h = -5*s - 0*s + 1. Calculate the remainder when 44 is divided by (-2 - h - -75)*(-3)/(-9).
19
Suppose -3*x + 1787 = 2*z, -5*z + 3*z = 2*x - 1194. Calculate the remainder when x is divided by 15.
8
Calculate the remainder when 4421 is divided by ((1442/9 - 2) + (-106)/477)/1.
155
Let h = -201 + 132. Let r = -27 - h. Calculate the remainder when r is divided by (-38)/(-4) + 1/(-2).
6
Suppose -19 = -2*q + q. Calculate the remainder when ((-9)/2 + -2)/(25 + (-2718)/108) is divided by q.
1
Let d = 16 + 12. Let q(n) = -7*n. Let p be q(-1). Suppose -p*s = d - 70. What is the remainder when 14 is divided by s?
2
Let x = 643 - 275. Let a = x - 357. Calculate the remainder when 142 is divided by a.
10
Let z = -45 + 92. Suppose -2*o - 10 = 0, -l - 4*l = 5*o - 905. Calculate the remainder when (1*(0 + -1))/((-2)/l) is divided by z.
46
Suppose -3*z = -5*d + 8*d - 588, 826 = 4*z - 3*d. Calculate the remainder when z is divided by 51.
49
Let q = 104 - 42. Suppose -q*a = -56*a - 138. What is the remainder when 390 is divided by a?
22
Let r(t) = 2*t + 33. Let i be r(-15). Suppose 0 = -i*f + 5*c + 375, -4*f + 2*c = -310 - 190. Let w = -106 + f. What is the remainder when w is divided by 6?
1
Suppose -30 = -10*l + 497 + 573. What is the remainder when l is divided by 27?
2
Let q be 23/((-230)/(-39540)) + 2. Suppose -35*l - 51*l + q = 0. Suppose 0*h + 40 = 4*h. What is the remainder when l is divided by h?
6
Let y(o) = -o**3 - 11*o**2 - 12*o - 16. Suppose 30 = 12*i - 15*i. What is the remainder when 25 is divided by y(i)?
1
Let i(b) = 194*b - 2434. What is the remainder when i(13) is divided by 52?
36
Let o(k) = -k**2 + 36*k + 115. Let l be o(37). Let a = -2 - -7. Suppose -a*j + 27 = -l. What is the remainder when 59 is divided by j?
17
Suppose -5*x - 5*f = -1010, -4*x = -2*f - 811 - 9. Calculate the remainder when x is divided by 17.
0
Let m(p) = -5*p**3 - 5*p**2 - 4*p. Let c(h) = -h**3 + 23*h**2 - 4*h + 90. Let v be c(23). Calculate the remainder when 129 is divided by m(v).
17
What is the remainder when 401 is divided by 8/28 - 13/((-364)/804)?
24
Let d = -13092 + 13125. Calculate 